{"id":4555,"date":"2019-07-18T10:43:05","date_gmt":"2019-07-18T10:43:05","guid":{"rendered":"https:\/\/centrodearteoliva.pt\/exposicao\/el-ojo-electrico-the-electric-eye\/"},"modified":"2024-02-07T09:50:23","modified_gmt":"2024-02-07T09:50:23","slug":"el-ojo-electrico-the-electric-eye","status":"publish","type":"exposicao","link":"https:\/\/centrodearteoliva.pt\/en\/exhibition\/el-ojo-electrico-the-electric-eye\/","title":{"rendered":"El Ojo El\u00e9ctrico [The Electric Eye]"},"template":"","categories":[62],"class_list":["post-4555","exposicao","type-exposicao","status-publish","hentry","category-exhibitions-outside-oliva-satellite-programming-en"],"acf":{"highlight__homepage_fg_color":"black","metadata__image":false,"exhib__booklet_image":false,"exhib__room-sheet_image":false,"hero_image_or_slideshow":false,"exhib__blocks":{"flx_lyt":[{"acf_fc_layout":"flx_lyt__text","flx_lyt__text":"<p>The exhibition<em>El Ojo El\u00e9ctrico<\/em>, curated by Antonia Gaeta and Pilar Soler, focuses on presenting a series of works that use artistic language to unveil a mysterious to-and-fro between various dimensions, or between visible and invisible reality, through encrypted messages that resort to cosmological structures as the support for different realities and worlds that are often deliberately obscure and whose iconography is complex. The understanding of these works lies in the encounter between forms and meanings that bring together tutelary entities and figures. This is a project about the mystery of the meaning of occult presence. The exhibition dramatizes these elements as if they were transitory memories materializing as multiple and complex realities, concrete calculations, pyramids of power, and apathy countered by the accomplishing of a visionary mission.<\/p>\n<p>The emphasis is on the challenging impossibility to completely decipher the message contained in the works, as artists often act as mediators between the rational world and the unknown or transcendental. These works are accounts of the unconscious and unwittingly take on subversive aspects in the face of the discourse if the established order. They question the boundaries of reason through different codified messages, formulas, invented figures and secret codes. There is always something occult that becomes an enigma and emerges as the only viable space for liberation from its pathological condition. In these terms, this exhibition project reveals the power of subjective processes, compulsive obsessions and fantastical visions.    <\/p>\n<p><a href=\"https:\/\/youtu.be\/YXzWuoBZLUY\">Video<\/a> with the curators about the exhibition project.<\/p>\n"},{"acf_fc_layout":"flx_lyt__text_small","flx_lyt__text_small":"<p>Adelhyd van Bender, Adolf W\u00f6lfli, Agatha Wojciechowsky, Albino Braz, Alexandro Garc\u00eda, Alexis Lippstreu, An\u00edbal Brizuela, Anna Zem\u00e1nkov\u00e1, Augustine Lesage, Beverly Baker, Carlo (Carlo Zinelli), C.V.M. (Carlos Victor Martins), Edmund Monsiel, Fleury-Joseph Cr\u00e9pin, Fr\u00e9d\u00e9ric Bruly Bouabr\u00e9, Friedrich Schr\u00f6der-Sonnenstern, George Widener, Gianni Antonelli, Guo Fengyi, Harald Stoffers, Horst Ademeit, Jaime Fernandes, James Deeds, Janko Domsic, Jean Perdrizet, Jo\u00eble (Nina Karasek), John Urho Kemp, Kashinath Chawan, Madge Gill, Margarethe Held, Mart\u00edn Ram\u00edrez, Maurice (Eug\u00e8ne Lambourdi\u00e8re) , Melvin Way, \u00d3scar Morales, Paul Goesch, Prophet Royal Robertson, Raimundo Camilo, Scottie Wilson, Vasilij Romanenkov, Volkmar Schulz-Rumpold, Zden\u011bk Ko\u0161ek.<\/p>\n<p><a href=\"https:\/\/www.lacasaencendida.es\/exposiciones\/ojo-electrico-9545\">More about the exhibition.<\/a><\/p>\n"},{"acf_fc_layout":"flx_lyt__slideshow","flx_lyt__width":"bigger","flx_lyt__slideshow":[{"flx_lyt__slideshow__numcol":true,"flx_lyt__image":3435,"flx_lyt__image2":3434,"flx_lyt__url":"","flx_lyt__url2":"","flx_lyt__caption":"Adolf W\u00f6lfli. Untitled, n.d. \u00a9 Paulo Cunha Martins ","flx_lyt__caption2":"Gianni Antonelli. Untitled, 2013 \u00a9 Paulo Cunha Martins "}]}]},"exhib__booklet_download":false,"exhib__room-sheet_download":false,"exhib__dates":{"start":"11\/10\/2019","end":"05\/01\/2020"},"flx_lyt":[{"acf_fc_layout":"flx_lyt__text","flx_lyt__text":"<p>The exhibition<em>El Ojo El\u00e9ctrico<\/em>, curated by Antonia Gaeta and Pilar Soler, focuses on presenting a series of works that use artistic language to unveil a mysterious to-and-fro between various dimensions, or between visible and invisible reality, through encrypted messages that resort to cosmological structures as the support for different realities and worlds that are often deliberately obscure and whose iconography is complex. The understanding of these works lies in the encounter between forms and meanings that bring together tutelary entities and figures. This is a project about the mystery of the meaning of occult presence. The exhibition dramatizes these elements as if they were transitory memories materializing as multiple and complex realities, concrete calculations, pyramids of power, and apathy countered by the accomplishing of a visionary mission.<\/p>\n<p>The emphasis is on the challenging impossibility to completely decipher the message contained in the works, as artists often act as mediators between the rational world and the unknown or transcendental. These works are accounts of the unconscious and unwittingly take on subversive aspects in the face of the discourse if the established order. They question the boundaries of reason through different codified messages, formulas, invented figures and secret codes. There is always something occult that becomes an enigma and emerges as the only viable space for liberation from its pathological condition. In these terms, this exhibition project reveals the power of subjective processes, compulsive obsessions and fantastical visions.    <\/p>\n<p><a href=\"https:\/\/youtu.be\/YXzWuoBZLUY\">Video<\/a> with the curators about the exhibition project.<\/p>\n"},{"acf_fc_layout":"flx_lyt__text_small","flx_lyt__text_small":"<p>Adelhyd van Bender, Adolf W\u00f6lfli, Agatha Wojciechowsky, Albino Braz, Alexandro Garc\u00eda, Alexis Lippstreu, An\u00edbal Brizuela, Anna Zem\u00e1nkov\u00e1, Augustine Lesage, Beverly Baker, Carlo (Carlo Zinelli), C.V.M. (Carlos Victor Martins), Edmund Monsiel, Fleury-Joseph Cr\u00e9pin, Fr\u00e9d\u00e9ric Bruly Bouabr\u00e9, Friedrich Schr\u00f6der-Sonnenstern, George Widener, Gianni Antonelli, Guo Fengyi, Harald Stoffers, Horst Ademeit, Jaime Fernandes, James Deeds, Janko Domsic, Jean Perdrizet, Jo\u00eble (Nina Karasek), John Urho Kemp, Kashinath Chawan, Madge Gill, Margarethe Held, Mart\u00edn Ram\u00edrez, Maurice (Eug\u00e8ne Lambourdi\u00e8re) , Melvin Way, \u00d3scar Morales, Paul Goesch, Prophet Royal Robertson, Raimundo Camilo, Scottie Wilson, Vasilij Romanenkov, Volkmar Schulz-Rumpold, Zden\u011bk Ko\u0161ek.<\/p>\n<p><a href=\"https:\/\/www.lacasaencendida.es\/exposiciones\/ojo-electrico-9545\">More about the exhibition.<\/a><\/p>\n"},{"acf_fc_layout":"flx_lyt__slideshow","flx_lyt__width":"bigger","flx_lyt__slideshow":[{"flx_lyt__slideshow__numcol":true,"flx_lyt__image":3435,"flx_lyt__image2":3434,"flx_lyt__url":"","flx_lyt__url2":"","flx_lyt__caption":"Adolf W\u00f6lfli. Untitled, n.d. \u00a9 Paulo Cunha Martins ","flx_lyt__caption2":"Gianni Antonelli. Untitled, 2013 \u00a9 Paulo Cunha Martins "}]}],"metadata__title":"","metadata__description":"","exhib__booklet_text":"","exhib__room-sheet_text":"","highlight__homepage_image_credits":"","highlight__homepage_image":4006,"highlight__thumbnail":4006,"hero_image":4006,"exhib__curatorship":"Antonia Gaeta e Pilar Soler","exhib__production":"La Casa Encendida, Madrid"},"_links":{"self":[{"href":"https:\/\/centrodearteoliva.pt\/en\/wp-json\/wp\/v2\/exposicao\/4555","targetHints":{"allow":["GET"]}}],"collection":[{"href":"https:\/\/centrodearteoliva.pt\/en\/wp-json\/wp\/v2\/exposicao"}],"about":[{"href":"https:\/\/centrodearteoliva.pt\/en\/wp-json\/wp\/v2\/types\/exposicao"}],"wp:attachment":[{"href":"https:\/\/centrodearteoliva.pt\/en\/wp-json\/wp\/v2\/media?parent=4555"}],"wp:term":[{"taxonomy":"category","embeddable":true,"href":"https:\/\/centrodearteoliva.pt\/en\/wp-json\/wp\/v2\/categories?post=4555"}],"curies":[{"name":"wp","href":"https:\/\/api.w.org\/{rel}","templated":true}]}}

El Ojo Eléctrico [The Electric Eye]

<p>The exhibition<em>El Ojo Eléctrico</em>, curated by Antonia Gaeta and Pilar Soler, focuses on presenting a series of works that use artistic language to unveil a mysterious to-and-fro between various dimensions, or between visible and invisible reality, through encrypted messages that resort to cosmological structures as the support for different realities and worlds that are often deliberately obscure and whose iconography is complex. The understanding of these works lies in the encounter between forms and meanings that bring together tutelary entities and figures. This is a project about the mystery of the meaning of occult presence. The exhibition dramatizes these elements as if they were transitory memories materializing as multiple and complex realities, concrete calculations, pyramids of power, and apathy countered by the accomplishing of a visionary mission.</p>
<p>The emphasis is on the challenging impossibility to completely decipher the message contained in the works, as artists often act as mediators between the rational world and the unknown or transcendental. These works are accounts of the unconscious and unwittingly take on subversive aspects in the face of the discourse if the established order. They question the boundaries of reason through different codified messages, formulas, invented figures and secret codes. There is always something occult that becomes an enigma and emerges as the only viable space for liberation from its pathological condition. In these terms, this exhibition project reveals the power of subjective processes, compulsive obsessions and fantastical visions.    </p>
<p><a href="https://youtu.be/YXzWuoBZLUY">Video</a> with the curators about the exhibition project.</p>

<p>Adelhyd van Bender, Adolf Wölfli, Agatha Wojciechowsky, Albino Braz, Alexandro García, Alexis Lippstreu, Aníbal Brizuela, Anna Zemánková, Augustine Lesage, Beverly Baker, Carlo (Carlo Zinelli), C.V.M. (Carlos Victor Martins), Edmund Monsiel, Fleury-Joseph Crépin, Frédéric Bruly Bouabré, Friedrich Schröder-Sonnenstern, George Widener, Gianni Antonelli, Guo Fengyi, Harald Stoffers, Horst Ademeit, Jaime Fernandes, James Deeds, Janko Domsic, Jean Perdrizet, Joële (Nina Karasek), John Urho Kemp, Kashinath Chawan, Madge Gill, Margarethe Held, Martín Ramírez, Maurice (Eugène Lambourdière) , Melvin Way, Óscar Morales, Paul Goesch, Prophet Royal Robertson, Raimundo Camilo, Scottie Wilson, Vasilij Romanenkov, Volkmar Schulz-Rumpold, Zdeněk Košek.</p>
<p><a href="https://www.lacasaencendida.es/exposiciones/ojo-electrico-9545">More about the exhibition.</a></p>

Adolf Wölfli. Untitled, n.d. © Paulo Cunha Martins
